or of 19 and z.
19
Suppose 118*l = 76*l + 16712 + 3154. Calculate the highest common divisor of 154 and l.
11
Suppose 0 = -10*i + 26 + 4. Suppose -63 = -i*y - 3*f, -7*y + 10*y - 3*f - 93 = 0. Calculate the highest common factor of 182 and y.
26
Let w be (-50)/(-18) - (272/72 + -4). Suppose f - 3*o = 5, -2*f + 7*o = w*o - 20. Suppose -2*y - 3 = -23. What is the highest common factor of f and y?
10
Let w(x) = -132*x + 404. Let u(n) = 10*n - 31. Let r(l) = 40*u(l) + 3*w(l). Let h = 69 - 49. Let d be r(h). What is the greatest common divisor of d and 4?
4
Let j = 267 - 247. Suppose 8*l + o = 7*l + 10, 5*o = -2*l + j. Calculate the highest common divisor of 20 and l.
10
Suppose -136 = -7*i - 850. Let r = i - -64. Let h = r + 64. Calculate the highest common divisor of h and 65.
13
Let z(j) = -119*j - 153. Let s be z(-19). Suppose s = -42*h + 73*h. What is the highest common factor of 459 and h?
17
Let a be (-1 - -2) + (-28 - -71) - (2 - -3). What is the highest common divisor of 5057 and a?
13
Suppose -8*w = -5*w + 5*a + 14, 2*w = -4*a - 12. Suppose -2*n = -3*f + 28, -w*f = 3*n - 2*n - 7. Calculate the greatest common factor of f and 18.
6
Suppose 2*o - 13*s = -18*s + 1450, -o - 4*s + 716 = 0. What is the greatest common divisor of 1628 and o?
148
Suppose -4*m = 5*c - 69 - 45, -49 = -2*c - 5*m. Suppose v + 2*f = 174, -2*v - 3*f = -f - 352. Let g = v - 123. Calculate the greatest common divisor of c and g.
11
Let r be 4/30 - 116638/435. Let a = 291 + r. Calculate the greatest common factor of 299 and a.
23
Let w = -40 - -67. Suppose z + 5*u = -w, -14 = 3*u + 1. Let x(g) = -2*g**3 + g**2 - g - 4. Let i be x(z). What is the highest common divisor of 126 and i?
18
Suppose 10*l = -2*l + 60. Suppose 5*x + l = -5*v + 40, -3*v - 2*x + 16 = 0. Suppose 42 = v*m + 14. Calculate the greatest common factor of m and 28.
14
Let g(x) = x**3 - 10*x**2 + 22*x - 322. Let s be g(20). What is the highest common divisor of s and 116?
58
Let o = 371 + -261. Let b = o + 2. Calculate the greatest common factor of b and 392.
56
Let b be ((-62)/5)/((-10)/5600*8). Calculate the greatest common factor of b and 744.
124
Let w = 53 + -36. Let j be -6 + -5*(-34)/10. Suppose -775 = -j*c + 160. Calculate the highest common factor of c and w.
17
Suppose 0 = -2*o - 3*g + 25, 5*g + 25 + 25 = 5*o. Let f = o - -219. Suppose -82 - 424 = -11*i. Calculate the highest common divisor of i and f.
46
Let c = -393 - -395. Let o be 15/(-1 - 2) + 2. Let p be 19 - (o + (4 - c)). What is the greatest common factor of p and 10?
10
Let z(y) = 2 - 2*y**3 + 112*y**2 + 6 - 4*y**2. Let i be z(54). What is the greatest common factor of i and 8?
8
Let d(a) be the first derivative of 18 + 9/2*a**2 - 6*a. Let c be d(2). Calculate the greatest common factor of 4 and c.
4
Let r be 81/36*12*13. What is the highest common factor of r and 45?
9
Let l be ((-12)/48)/((-2)/80) - 0. What is the highest common divisor of l and 194?
2
Let v be 51/(-85) - 9906/(-10). Let x = -376 + v. Suppose 0 = -5*o + x - 74. Calculate the highest common divisor of o and 12.
12
Suppose -176 = -2*q + 3*i, -75 = 12*q - 13*q - 5*i. Suppose -100 = -3*x + 4*w, 6*w + w = 3*x - q. What is the highest common divisor of x and 1?
1
Let z = -921 - -946. Let w = 0 - -2. Suppose w*l = 41 + 109. What is the greatest common divisor of l and z?
25
Let v be -5 - (-17974 + 9 + -9) - 0. What is the highest common factor of v and 119?
119
Let s = 23 + -42. Let n = s - -28. Suppose -320*j = -330*j + 30. Calculate the greatest common factor of n and j.
3
Let z be (4/(-12) - 51/(-18))/((-60)/(-2448)). What is the highest common divisor of 1394 and z?
34
Let t = 293 - 159. Suppose t = g + 130. What is the greatest common divisor of g and 12?
4
Suppose -3*v - 2*s + 85 = 17, 4*v = -5*s + 86. Let b be (2/(32/(-104)))/((-2)/v). Calculate the highest common divisor of 6 and b.
6
Suppose 2*l + 5*g - 770 = 0, 485*l - 482*l - 3*g = 1218. What is the greatest common factor of l and 170?
10
Suppose 6*d + 2*g = 7*d + 449, 5*d = -g - 2267. Let r = d - -675. Calculate the highest common factor of 185 and r.
37
Let v be ((96/(-2))/(-3))/(-1). Suppose -4*m - 292 - 74 = r, 0 = 3*m - 2*r + 280. Let c = v - m. What is the greatest common factor of 190 and c?
38
Let d = -12 + 21. Suppose -5*s = 2*s - 35. Let h(b) = b**2 + 11. Let y be h(s). Calculate the greatest common divisor of y and d.
9
Suppose -4*h = 5*l - 414, -3*l + 3*h = -0*h - 216. What is the highest common divisor of 2847 and l?
39
Suppose 2*z + 52 = 2*d - 2*z, 5*z = 0. Let j = d + -8. Let i = j + -13. Calculate the highest common divisor of i and 65.
5
Suppose 2*r = -5*m + 3 + 16, -4*r + 17 = 3*m. Suppose -4*j + 36 = -4*y, -m*y - 17 = -8*j + 7*j. Calculate the highest common factor of j and 2.
1
Let o = -44 + 52. Let h be 46/o - 14/(-56). Let m = 8 + -4. Calculate the greatest common divisor of m and h.
2
Let z be -16*-2*(-18)/(-24). What is the highest common divisor of 135 and z?
3
Let a(c) = -387*c + 1020. Let n be a(-8). Calculate the highest common factor of 24 and n.
12
Let u = 85 - -215. Let f = -244 + u. What is the greatest common divisor of 8 and f?
8
Let v(a) = -14*a - 205. Suppose 3*j + h + 27 = -41, 3*h = 3. Let x be v(j). Calculate the highest common factor of x and 273.
39
Let w(m) = -27*m - 1123. Let x be w(-54). Suppose 105 = 2*i - 29. Calculate the greatest common factor of i and x.
67
Let u(r) = 2*r**3 + 19*r**2 + 17*r + 16. Let f(k) = 19*k + 87. Let n be f(-5). Let v be u(n). What is the greatest common divisor of 24 and v?
24
Suppose -46745 = -53*m - 13239 + 75727. Calculate the highest common factor of 9 and m.
9
Let c be ((-14)/21 - 2/(-4)) + 11358/108. Calculate the highest common divisor of c and 735.
105
Suppose 884 = -9*u + 1253. Calculate the greatest common factor of 5 and u.
1
Suppose 0 = -5*r - h + 13124, 0 = h + 38 - 42. What is the greatest common divisor of 82 and r?
82
Let c(i) = -14*i**2 - i - 3. Let d(m) = -m**2 + m. Let w(f) = -c(f) - 2*d(f). Let l = 91 + -88. Let z be w(l). What is the greatest common divisor of z and 16?
16
Suppose 896 = 4*b + 2*x, 0 = -182*b + 180*b - 5*x + 472. Calculate the highest common divisor of b and 323.
17
Suppose 18*c - 7 = 25*c. Let k(o) = 8*o**2 + 4*o. Let w be k(c). Suppose -4*d + w = 0, -2*x = -3*d + d - 22. What is the highest common factor of 108 and x?
12
Let t(w) = 11*w**3 + 8*w**2 - 21*w - 20. Let m be t(4). What is the greatest common factor of m and 196?
28
Suppose 4*x + 3*d - 135 - 220 = 0, 3*x - 266 = -2*d. Calculate the highest common factor of 2816 and x.
88
Let y = -142 - -103. Let c = 119 + y. Suppose 12 + 28 = 4*k. What is the greatest common divisor of c and k?
10
Let v be (-4)/(-2)*(3/10)/(106/147870). Calculate the highest common divisor of v and 93.
93
Suppose -629 = -401*x + 1480 + 3104. Let u be 1 + -1*1 - -1. What is the greatest common factor of x and u?
1
Let f(m) = 39*m + 1952. Let g be f(-47). What is the highest common factor of g and 1037?
17
Let a = -129 + 129. Suppose a = 4*y + 3*y - 420. Calculate the highest common divisor of y and 15.
15
Let h be 20/(-350)*-18485 + 12/(-42). What is the greatest common factor of h and 814?
22
Suppose 13*n - 938 - 10582 = -7*n. What is the highest common divisor of n and 2112?
192
Let p(t) = -119*t + 1087. Let g be p(9). Suppose -2293 - 1091 = -4*r + 4*u, 3*r + u = 2546. Calculate the highest common factor of r and g.
16
Let n = -117 - -114. Let z be n*(-2)/(-6) - (-4 - 1). Suppose -2*t - t + 670 = -z*f, -t - 3*f + 245 = 0. What is the highest common factor of 10 and t?
10
Suppose -k - 3*k = -3*p - 27, 2*k + 2*p = -4. Suppose l = -3*j + 19, 8 = -7*j + k*j. What is the greatest common factor of 225 and l?
25
Let s be 40/(-3 + 357/105). Let v be (0 - -2)/((-1)/(-275)). What is the highest common divisor of v and s?
50
Let j be (3 - 1)/(12/(-18)). Let q be (27 - j)/(-2) + 0. Let p be 7/(35/q)*-27. Calculate the greatest common divisor of 9 and p.
9
Let r be (-16)/2*(7 + -76 - -8). Suppose 2594 - r = 9*b. What is the greatest common factor of 18 and b?
18
Let j = 8274 - 7784. Calculate the highest common divisor of j and 630.
70
Suppose 78 - 7557 = -4*r - 3*a, 3*r = -2*a + 5611. Calculate the highest common factor of r and 675.
75
Suppose -6*h + 10*h - 60 = 0. Let l = 8903 - 886